actor of 202845893?
False
Is 247301559 a multiple of 332?
False
Does 32 divide 448181792?
True
Is 949981960 a multiple of 904?
True
Is 31 a factor of 206794614?
True
Is 11040000 a multiple of 1600?
True
Is 743 a factor of 11147522?
False
Does 177 divide 40594622?
False
Is 1338 a factor of 4107660?
True
Does 372 divide 65133127?
False
Does 84 divide 42405963?
False
Does 676 divide 28505568?
True
Is 245944924 a multiple of 30?
False
Is 129215130 a multiple of 33?
True
Is 329771856 a multiple of 1968?
True
Does 4 divide 24954128?
True
Does 15 divide 169313445?
True
Does 173 divide 241792866?
False
Is 4317 a factor of 963706999?
False
Is 453 a factor of 341997333?
True
Does 272 divide 12629776?
True
Is 354256704 a multiple of 13?
False
Does 1047 divide 936620025?
True
Is 547 a factor of 17202056?
True
Does 742 divide 1935361375?
False
Is 254062209 a multiple of 81?
False
Is 658780608 a multiple of 192?
True
Is 24 a factor of 152181144?
True
Does 12 divide 39438564?
True
Does 6864 divide 878418347?
False
Is 14 a factor of 813089650?
False
Does 129 divide 27879480?
True
Is 187 a factor of 82781070?
False
Does 333 divide 17421449?
False
Does 161 divide 14149813?
False
Is 2213648877 a multiple of 1885?
False
Does 2428 divide 111027584?
True
Is 15 a factor of 1679316915?
True
Is 52 a factor of 567562476?
True
Is 10637433 a multiple of 7?
False
Does 5 divide 46504283?
False
Is 1571 a factor of 135393493?
True
Does 268 divide 18399473?
False
Does 17 divide 21400794?
False
Is 1738 a factor of 2664468708?
True
Is 1686 a factor of 15667998?
True
Does 132 divide 5313276?
False
Is 17626908 a multiple of 56?
False
Is 96949872 a multiple of 780?
False
Is 708917100 a multiple of 109?
False
Does 19 divide 358122716?
True
Is 8562 a factor of 5516085624?
True
Is 139 a factor of 460129754?
True
Is 7 a factor of 494054352?
False
Does 14 divide 241946376?
True
Does 8 divide 844000?
True
Is 33759660 a multiple of 660?
True
Is 233 a factor of 506218305?
False
Is 385415137 a multiple of 718?
False
Does 699 divide 48209331?
True
Is 242333329 a multiple of 17?
False
Does 88 divide 158553208?
True
Is 321508162 a multiple of 86?
True
Is 48 a factor of 122390757?
False
Does 46 divide 90665632?
True
Is 4 a factor of 560133296?
True
Does 14 divide 299578976?
False
Is 124980840 a multiple of 54?
True
Does 255 divide 20449980?
True
Is 12 a factor of 286938438?
False
Is 299402359 a multiple of 834?
False
Does 70 divide 191817850?
True
Is 39 a factor of 34623705?
False
Is 394661970 a multiple of 102?
True
Does 60 divide 1041022218?
False
Is 63 a factor of 9168264?
True
Is 28163030 a multiple of 70?
True
Is 12 a factor of 406552684?
False
Does 33 divide 202216987?
False
Is 16 a factor of 21951099?
False
Is 6 a factor of 15516990?
True
Is 1831279184 a multiple of 8?
True
Does 502 divide 140066937?
False
Does 66 divide 10154678?
False
Does 474 divide 145046245?
False
Is 1698 a factor of 372634745?
False
Is 214198330 a multiple of 2?
True
Does 28 divide 167327944?
True
Is 1490 a factor of 2030870?
True
Does 651 divide 365355522?
True
Is 74074615 a multiple of 134?
False
Does 9 divide 251817385?
False
Does 63 divide 3766581?
True
Is 165 a factor of 5769720?
True
Is 70885507 a multiple of 77?
True
Is 449 a factor of 535834804?
True
Is 742978929 a multiple of 77?
True
Is 19624139 a multiple of 90?
False
Does 11 divide 1566178?
False
Is 11 a factor of 6983906?
False
Is 22014496 a multiple of 322?
True
Is 3440 a factor of 28868480?
True
Does 87 divide 45824076?
False
Is 152039118 a multiple of 5?
False
Is 2140 a factor of 57744715?
False
Is 2181 a factor of 944569290?
True
Does 49 divide 2121357?
True
Is 4872 a factor of 350836976?
False
Is 75356757 a multiple of 3871?
True
Is 16691164 a multiple of 28?
True
Is 170 a factor of 2312793?
False
Is 411242130 a multiple of 78?
True
Is 924294705 a multiple of 1545?
True
Is 5240 a factor of 3907599000?
True
Does 612 divide 1525138272?
True
Is 10 a factor of 17481090?
True
Does 106 divide 27735748?
True
Is 1354851254 a multiple of 219?
False
Does 1614 divide 95943146?
False
Does 33 divide 471689254?
False
Is 169036032 a multiple of 272?
True
Does 1469 divide 24683818?
False
Is 97822379 a multiple of 195?
False
Is 471958880 a multiple of 186?
False
Is 615 a factor of 52781794?
False
Is 699900 a multiple of 150?
True
Does 18 divide 565171944?
False
Is 16 a factor of 650832350?
False
Does 3445 divide 2103750648?
False
Is 225 a factor of 553677300?
True
Is 279 a factor of 16734420?
True
Is 39 a factor of 5618602?
False
Is 69817 a multiple of 5?
False
Does 504 divide 20316969?
False
Does 400 divide 2867200?
True
Is 395280 a multiple of 120?
True
Is 929 a factor of 62094206?
False
Does 198 divide 19260188?
False
Is 67390804 a multiple of 2236?
True
Does 39 divide 38118912?
True
Does 508 divide 29179621?
False
Is 22 a factor of 283275724?
False
Does 9 divide 143483007?
False
Does 17 divide 785454264?
True
Is 44511126 a multiple of 2189?
True
Is 8 a factor of 1790596408?
True
Is 13836647 a multiple of 46?
False
Does 496 divide 81934284?
False
Is 15482500 a multiple of 340?
False
Is 2231240776 a multiple of 2372?
True
Is 43277596 a multiple of 519?
False
Is 17778577 a multiple of 49?
False
Does 82 divide 1182998666?
True
Is 2956150769 a multiple of 38?
False
Is 212 a factor of 25721112?
True
Does 181 divide 3357579919?
False
Does 8 divide 209797124?
False
Is 627805214 a multiple of 761?
True
Is 43590932 a multiple of 4?
True
Is 600 a factor of 318775200?
True
Does 101 divide 184022235?
False
Is 13 a factor of 29179087?
False
Is 849229790 a multiple of 389?
True
Does 3011 divide 80005381?
False
Is 9326614 a multiple of 27?
False
Does 104 divide 879657792?
True
Does 668 divide 584316300?
True
Is 268 a factor of 1432498178?
False
Is 93 a factor of 73050043?
False
Does 1163 divide 2136313537?
True
Does 3556 divide 61806951?
False
Does 1514 divide 439604280?
False
Does 11 divide 20211997?
False
Is 884 a factor of 56190576?
True
Does 629 divide 81378762?
True
Does 974 divide 6572866602?
True
Is 498648144 a multiple of 23?
False
Is 16357611 a multiple of 285?
False
Is 18 a factor of 330858353?
False
Does 11 divide 56576?
False
Is 820 a factor of 12277739?
False
Is 141384320 a multiple of 440?
True
Is 7 a factor of 452139520?
True
Does 777 divide 93163077?
True
Is 783267241 a multiple of 26?
False
Does 20 divide 9739220?
True
Is 71 a factor of 8993669?
False
Does 31 divide 7254186?
True
Is 1290 a factor of 24673830?
True
Is 24 a factor of 449427441?
False
Is 186655059 a multiple of 549?
True
Does 406 divide 3760372?
True
Is 3161499 a multiple of 152?
False
Does 5 divide 15977504?
False
Is 356703854 a multiple of 1274?
False
Is 35 a factor of 3273214560?
True
Is 6 a factor of 22280236?
False
Is 10511 a factor of 477209911?
True
Does 56 divide 337596784?
True
Is 13454228 a multiple of 1249?
True
Is 1030159992 a multiple of 822?
True
Does 14 divide 832802740?
True
Does 1201 divide 271751471?
True
Is 1865645672 a multiple of 869?
True
Is 30 a factor of 755100?
True
Does 30 divide 14737350?
True
Is 18067938 a multiple of 1491?
True
Is 53930236 a multiple of 12?
False
Does 1232 divide 692160174?
False
Does 530 divide 934394770?
True
Is 25 a factor of 2767000?
True
Is 56 a factor of 3664678640?
True
Is 65 a factor of 957126365?
True
Is 751 a factor of 7398852?
True
Is 3467 a factor of 433465066?
False
Is 516 a factor of 1018843548?
True
Does 12 divide 1822708994?
False
Is 1658 a factor of 15213808?
True
Is 876529625 a multiple of 1087?
True
Does 13 divide 1879974559?
False
Does 3 divide 6354486?
True
Is 110051040 a multiple of 660?
True
Does 4670 divide 1308557350?
True
Does 68 divide 106733506?
False
Does 20 divide 4136130060?
True
Does 2703 divide 52314135?
False
Is 604 a factor of 14393320?
True
Does 10 divide 1759260?
True
Is 334 a factor of 26665224?
True
Does 4905 divide 967908555?
True
Does 2171 divide 50338977?
True
Is 22020000 a multiple of 32?
True
Does 1620 divide 105167198?
False
Is 1003 a factor of 39438350?
False
Does 4 divide 11005786?
False
Is 17987609 a multiple of 3123?
False
Does 1850 divide 43939350?
True
Does 37 divide 186905053?
False
Is 357 a factor of 262709160?
True
Is 1787 a factor of 126163788?
False
Is 10 a factor of 102914970?
True
Does 9